rue
Is 179 a factor of 170781126?
False
Does 2190 divide 177315051?
False
Is 74106250 a multiple of 12?
False
Does 45 divide 1295811?
False
Does 11 divide 52705730?
True
Is 227 a factor of 617073168?
True
Is 8620171 a multiple of 138?
False
Is 2555 a factor of 22095395?
False
Is 32 a factor of 564874080?
True
Is 66 a factor of 49954589?
False
Is 4 a factor of 392644754?
False
Is 48765860 a multiple of 2006?
True
Is 2525 a factor of 13448150?
True
Does 21 divide 32851161?
True
Is 11 a factor of 60186962?
True
Is 101 a factor of 39280011?
True
Is 969 a factor of 14658017?
False
Does 8 divide 1175891816?
True
Is 6406182 a multiple of 18?
True
Is 211093234 a multiple of 43?
False
Is 241359186 a multiple of 166?
True
Is 6099746 a multiple of 6?
False
Is 2780405880 a multiple of 1564?
False
Does 3 divide 34273355?
False
Does 1247 divide 640178564?
False
Is 254100756 a multiple of 798?
True
Is 14 a factor of 75594436?
False
Does 49 divide 19083785?
True
Is 277 a factor of 1507434?
True
Does 10 divide 176845492?
False
Does 15 divide 164959393?
False
Does 27 divide 55747872?
True
Is 17 a factor of 47399480?
False
Is 107087859 a multiple of 718?
False
Is 610159696 a multiple of 4?
True
Is 2221 a factor of 6435147?
False
Is 221 a factor of 28415418?
False
Is 59168437 a multiple of 8?
False
Is 38168020 a multiple of 55?
True
Is 264 a factor of 956270040?
True
Is 1899155 a multiple of 4?
False
Does 4 divide 89580932?
True
Does 80 divide 187721280?
True
Is 938 a factor of 13090728?
True
Is 94964688 a multiple of 9?
True
Is 6349194621 a multiple of 21?
True
Is 2935172 a multiple of 37?
False
Is 34949707 a multiple of 169?
True
Is 388530400 a multiple of 725?
True
Does 50 divide 77989652?
False
Is 272507498 a multiple of 79?
True
Is 16 a factor of 173136?
True
Is 5 a factor of 702451420?
True
Is 90031542 a multiple of 73?
False
Is 529 a factor of 494867066?
False
Is 5956021564 a multiple of 556?
True
Is 226034402 a multiple of 86?
True
Is 159194778 a multiple of 54?
False
Does 177 divide 3345827991?
True
Does 5 divide 98049131?
False
Does 514 divide 103331990?
True
Does 705 divide 186407320?
False
Does 6 divide 459033388?
False
Is 1076617634 a multiple of 1102?
True
Does 71 divide 76350604?
False
Is 19151164 a multiple of 69?
False
Does 8 divide 133447696?
True
Is 18219130 a multiple of 6?
False
Does 371 divide 9367379?
True
Does 73 divide 1649432372?
True
Is 156 a factor of 34373996?
False
Is 29 a factor of 121587817?
False
Does 742 divide 249442248?
False
Is 26550392 a multiple of 631?
False
Does 747 divide 363540542?
False
Is 27 a factor of 21648484?
False
Is 157319547 a multiple of 539?
True
Is 257 a factor of 1641650697?
False
Is 895220093 a multiple of 19?
True
Does 24 divide 6699336?
True
Is 373038773 a multiple of 1352?
False
Does 5 divide 344393570?
True
Is 10 a factor of 14540800?
True
Does 8 divide 14508049?
False
Is 173057500 a multiple of 70?
True
Does 23 divide 179738971?
False
Is 291 a factor of 15662997?
False
Is 1251344789 a multiple of 17?
True
Does 502 divide 503583819?
False
Does 211 divide 99504646?
True
Is 25376981 a multiple of 163?
True
Is 4720666 a multiple of 6?
False
Is 2550 a factor of 53556679?
False
Does 31 divide 485190951?
True
Does 130 divide 1092482745?
False
Is 5005 a factor of 523653130?
True
Is 2617620272 a multiple of 7372?
True
Is 121 a factor of 777450531?
True
Does 49 divide 42913318?
True
Is 2008 a factor of 7805738?
False
Is 97 a factor of 3020483?
True
Is 196235548 a multiple of 986?
False
Is 8486979 a multiple of 18?
False
Is 85 a factor of 310701775?
True
Is 14 a factor of 202954697?
False
Is 601 a factor of 139253029?
False
Is 14 a factor of 103877001?
False
Is 930856694 a multiple of 767?
False
Does 173 divide 1199152924?
False
Is 1810 a factor of 93562348?
False
Is 7225600 a multiple of 895?
False
Is 11 a factor of 128110411?
True
Is 3 a factor of 8395827?
True
Is 20848848 a multiple of 1236?
True
Is 422 a factor of 227304814?
True
Is 8 a factor of 8400588?
False
Does 606 divide 102542472?
True
Does 44 divide 609798420?
True
Is 23450036 a multiple of 4?
True
Is 6 a factor of 15370766?
False
Does 1066 divide 127347807?
False
Is 39065046 a multiple of 758?
True
Is 10 a factor of 17206560?
True
Is 8 a factor of 96681776?
True
Is 26 a factor of 231411599?
False
Is 5076093 a multiple of 325?
False
Is 373 a factor of 24350067?
False
Does 753 divide 5133954?
True
Is 600 a factor of 33067737?
False
Is 263249037 a multiple of 451?
False
Is 602804799 a multiple of 2?
False
Is 103671260 a multiple of 2439?
False
Does 4 divide 25701584?
True
Is 157 a factor of 50337792?
False
Is 828228163 a multiple of 2636?
False
Is 26 a factor of 145178358?
True
Is 29 a factor of 37578200?
True
Is 20 a factor of 105426585?
False
Is 21312639 a multiple of 27?
True
Is 33989025 a multiple of 641?
True
Does 185 divide 657398793?
False
Is 1022536479 a multiple of 15?
False
Is 2773 a factor of 1445864309?
False
Does 43 divide 9309242?
True
Is 67369742 a multiple of 17?
True
Does 1890 divide 94363041?
False
Is 671 a factor of 91506283?
True
Is 5364 a factor of 23403132?
True
Does 867 divide 2745097134?
True
Is 75169182 a multiple of 113?
True
Is 5083425 a multiple of 497?
False
Is 4107 a factor of 3067510086?
True
Does 138 divide 2158327452?
True
Does 5628 divide 4781737351?
False
Is 43 a factor of 32199862?
True
Is 3256107 even?
False
Is 969 a factor of 67034451?
True
Is 19 a factor of 1640288525?
True
Is 395394070 a multiple of 33?
False
Is 6 a factor of 320197500?
True
Is 233693072 a multiple of 2025?
False
Is 4 a factor of 173266970?
False
Does 125 divide 19554625?
True
Does 901 divide 13988025?
True
Is 1666 a factor of 75714728?
False
Is 80962461 a multiple of 38?
False
Does 1206 divide 44640912?
False
Does 180 divide 160623360?
True
Is 122 a factor of 246519497?
False
Is 77 a factor of 6914312?
False
Is 42 a factor of 16329303?
False
Is 1987 a factor of 48029764?
True
Is 84605498 a multiple of 29?
False
Does 27 divide 246419793?
True
Is 265 a factor of 228705335?
True
Is 506199470 a multiple of 5321?
False
Is 37017626 a multiple of 4937?
True
Is 155 a factor of 48505772?
False
Is 11065613 a multiple of 3?
False
Is 268 a factor of 378454470?
False
Is 101 a factor of 1474451?
False
Is 10510 a factor of 1011545460?
True
Is 24 a factor of 21544464?
True
Is 191017343 a multiple of 773?
False
Is 420 a factor of 45671409?
False
Does 21 divide 216864627?
True
Is 1048474629 a multiple of 69?
False
Is 177 a factor of 36528290?
False
Is 747 a factor of 103647275?
False
Is 181114307 a multiple of 1891?
True
Does 563 divide 1613793897?
True
Is 28 a factor of 15751008?
True
Does 12 divide 381711729?
False
Is 285156324 a multiple of 9?
True
Is 331 a factor of 17540683?
True
Does 399 divide 257410251?
False
Is 957 a factor of 35149653?
True
Is 3771 a factor of 256654752?
False
Is 902 a factor of 65215247?
False
Does 41 divide 34901570?
False
Is 2658931912 a multiple of 614?
True
Does 17 divide 165391072?
False
Does 426 divide 549175344?
True
Is 256025043 a multiple of 266?
False
Does 150 divide 1001044073?
False
Is 29 a factor of 595919057?
True
Does 247 divide 73188323?
True
Does 431 divide 32117689?
True
Is 3 a factor of 3404421?
True
Is 211331052 a multiple of 12?
True
Is 505 a factor of 143399295?
True
Is 103536108 a multiple of 26?
True
Is 247 a factor of 667762992?
False
Is 2021 a factor of 16188210?
True
Is 1252 a factor of 137373573?
False
Does 1186 divide 1219425706?
False
Does 118 divide 21658238?
False
Does 298 divide 96738846?
True
Does 1795 divide 64562560?
True
Does 7 divide 11448080?
True
Is 340779815 a multiple of 5435?
False
Does 163 divide 307939145?
False
Is 1614451982 a multiple of 22?
True
Does 346 divide 10996226?
True
Is 485 a factor of 27264946?
False
Is 39 a factor of 2334649278?
True
Is 85198872 a multiple of 12?
True
Does 198 divide 917926020?
True
Is 2118288588 a multiple of 8164?
True
Is 69638436 a multiple of 125?
False
Is 1290728145 a multiple of 1477?
True
Is 38895136 a multiple of 14?
True
Does 3251 divide 5904921340?
True
Is 2793076 a multiple of 3?
False
Does 3997 divide 25493312?
False
Is 30 a factor of 5344290?
True
Is 11432475 a multiple of 9?
True
Does 211 divide 609478678?
False
Is 18 a factor of 37678482?
Tru